/6 + 87*f**2. Let n(g) be the second derivative of m(g). Give n(-3).
-4
Let r(g) = -2*g**2 - 1. Let m(d) = -d**2 - 1. Let f(v) = 5*m(v) - r(v). Let o(k) = k**2 + 47*k + 525. Let t be o(-29). Calculate f(t).
-31
Let u(k) = -17428*k + 2*k**2 - 32 + 17428*k. Determine u(4).
0
Let u = -13272 + 27491. Let k(t) = -t**3 - 9*t**2 - 6 - u*t + 2*t**3 + 14222*t. Determine k(9).
21
Let u(m) = -11*m - 49. Let o be u(-5). Suppose -2*c = q, -q + 4*c - o - 18 = 0. Let a(v) = -v + 9. Calculate a(q).
17
Let l(m) = 19*m**2 + 3*m + 31. Let v(n) = -86*n**2 - 11*n - 123. Let r(b) = -9*l(b) - 2*v(b). Calculate r(9).
3
Suppose -2*g + 347 - 329 = 3*w, -g + 3*w - 9 = 0. Suppose -7 = -3*n + 2. Let q(p) = -1 + 6*p + n*p - p**3 + p**2 - 2 - 5*p. Calculate q(g).
-9
Let j(i) be the second derivative of i**4/12 + 5*i**3/6 - 3*i**2/2 + 2*i. Let k = 4489 + -4495. Give j(k).
3
Let u be 1/(-12) - (-18)/((-1512)/(-35035)). Let k = u - 408. Let g(o) = o**2 - 8*o + 4. Determine g(k).
13
Let p(x) = 3*x + 18. Let q = -14841 - -14838. Determine p(q).
9
Suppose 4*g = 25*i - 24*i - 19, 0 = g + 4*i + 9. Let b(d) = d**3 + 7*d**2 + d - 42. What is b(g)?
3
Let r(s) = -s - s**2 - 1 - 8 - 3 + 0 + 6 + 0. Let p = 1 + -1. What is r(p)?
-6
Let i = 2782 - 2784. Let u(q) = q**3 + 3*q**2 + 4*q - 4. Calculate u(i).
-8
Let t = 131 + -149. Let v = t - -13. Let l(z) be the third derivative of -z**5/60 - 5*z**4/24 - z**3/2 - 4*z**2. What is l(v)?
-3
Let p(w) be the second derivative of w**4/2 + 101*w**3/3 - 71*w**2/2 - 329*w - 3. What is p(-34)?
-3
Let k(p) = -p**2 + 31*p - 37. Let v = 6907 - 6877. What is k(v)?
-7
Let l be 1/(10/(-6) + (-88)/(-66)). Let g(b) = -12*b + 1. Give g(l).
37
Suppose 566*f + 40 = 586*f. Let b(c) be the first derivative of -c + 12 - c**f - 2/3*c**3. Determine b(-2).
-5
Let r(g) be the third derivative of -1/12*g**5 + 0*g - 1/120*g**6 + 1 - 1/3*g**3 - 1/4*g**4 + 28*g**2. What is r(-2)?
-2
Let p(d) = d**2 - 3*d - 64. Let o be p(10). Let a be -3 + ((-2)/(-6))/(o/54). Let t(b) = b**3 + b**2 - b. Give t(a).
0
Let r(y) = 3*y + 43. Let v be r(-13). Let z be 10/35 + 2/(-28)*v. Let i(c) = c**2 + c + 15. Give i(z).
15
Let v(a) = -48*a - 2824. Let j be v(-59). Let x(m) = 4 - 2 - 7*m**2 - 8*m + 5 + m**3. Determine x(j).
7
Let i(h) be the first derivative of h**4/12 - 2*h**3/3 - 5*h**2 - 48*h + 61. Let g(a) be the first derivative of i(a). Give g(7).
11
Let g be (-1 + -11)/(3/(-1 - 8)). Suppose 228 = -16*h + g. Let y(z) = -z**3 - 12*z**2 + z - 1. Give y(h).
-13
Let w be 1/(-5)*(-8 - (4 + 3)). Let t(h) = 4 + w - 1 - 6 - h. Let n(p) = p**3 + p**2 + p + 3. Let f be n(0). What is t(f)?
-3
Suppose -4*f = 2*f + 36. Let p be (f - -10)*(-1)/2. Let c be (p/(5 - 1))/((-1)/(-6)). Let k(r) = r - 1. Determine k(c).
-4
Suppose -2*v - 100 = -l + 45, 0 = -4*l + v + 552. Suppose -5*i + l = 17. Suppose i = 3*y - 7*y. Let k(x) = x**3 + 5*x**2 - 5*x - 4. Calculate k(y).
-10
Suppose 1831 - 1600 = -11*d. Let o(u) = -u**3 - 15*u**2 + 126*u - 2. What is o(d)?
-2
Let q(o) = o**3 - 3*o**2 - 2*o - 5. Let b(w) be the third derivative of w**5/60 + w**4/12 - 58*w**3/3 + 141*w**2. Let r be b(10). Give q(r).
3
Let y(u) be the first derivative of 21 - 31/2*u**2 + 1/24*u**4 + 11/6*u**3 + 0*u. Let l(j) be the second derivative of y(j). Calculate l(-5).
6
Let v(n) = 2*n**2 + 71*n - 266. Let l be v(-39). Let q(b) = b**2 - 16*b + 54. Calculate q(l).
-9
Let x(d) = 5*d - 3. Let o(r) = -r + 5. Let j(f) = o(f) + x(f). Suppose 10 = -0*u + 2*u. Let w = 3 - u. Determine j(w).
-6
Let l(v) be the third derivative of -5/24*v**4 + 0 - 1/3*v**3 - 1/60*v**5 - 3*v**2 + 0*v. Suppose -3*o - 15 = d, -37*o = -41*o + 4*d - 4. What is l(o)?
2
Let n(s) = -7*s**2 - s + 5. Let u(t) = -t**2 - 1. Let c(z) = n(z) + 5*u(z). Let b be (992/(-1760) - 4/(-11))/(1/(-5)). Determine c(b).
-13
Let u(w) = -43*w**3 + 21*w**2 + 4*w - 20. Let d(q) = 122*q**3 - 61*q**2 - 12*q + 61. Let y(j) = 6*d(j) + 17*u(j). Give y(10).
86
Let q = -37 - -34. Let c(m) be the second derivative of m**4/12 - m**3/6 - 2*m**2 - m - 7. What is c(q)?
8
Let l(m) = 8*m + 519 - 247 + 2*m - 2*m. Let k be l(-35). Let f(a) = 3*a + 12. Calculate f(k).
-12
Let w(l) = -l**2 + 75*l**3 + 17*l + 2*l**2 + 2*l**3 - 15*l - 20*l**3 + 1. What is w(-1)?
-57
Let w(b) = -5*b + 43. Let f = -182 - -179. Let v(u) = -2*u + 15. Let k(s) = f*w(s) + 8*v(s). Give k(-6).
-3
Let f(r) = r**3 + 12*r**2 + 21*r - 47. Suppose -2180 = 553*t + 2797. Give f(t).
7
Let n be 3/15 - 417/(-15). Suppose m + 0*s - s + 20 = 0, -m - n = -3*s. Let p be m/(-6) + 1/3. Let q(c) = c + 2. Give q(p).
5
Let c(x) be the second derivative of x**4/12 - x**3/6 - 10*x**2 + 1596*x. Give c(7).
22
Let l be (-1)/((-1)/2 + 0). Let q(o) = o**3 + 19*o**2 - 2*o - 36. Let p be q(-19). Let u(k) = 11*k + 5*k**p - 8*k**2 + 5*k**l - 12*k. What is u(1)?
1
Let u(r) be the third derivative of 0 - 1/60*r**6 + 0*r - 90*r**2 - 1/60*r**5 + 0*r**4 + 1/6*r**3. Calculate u(-1).
2
Let k = -409 - -421. Let v(h) = -10*h + 2*h - h + 13*h - k. Give v(5).
8
Suppose 40*c - 283 = -83. Let p(q) = q**3 - 2*q**2 - 16*q + 8. What is p(c)?
3
Let s(i) be the first derivative of -i**3/6 - i**2 - 3*i + 2. Let n(j) be the first derivative of s(j). Let d = 2980 + -2986. Calculate n(d).
4
Let x(w) = -12*w**2 - 364*w + 10*w**2 + 348*w - 8. Give x(-6).
16
Let y(r) be the second derivative of 5*r**3/3 + 19*r**2/2 - 2584*r. Calculate y(-4).
-21
Let z be (8/(-5))/(4 - (-57)/(-15)). Let b be (-13 - z) + 14 + 1 + -4. Let h(f) be the third derivative of -f**4/24 + 5*f**3/6 + f**2. Calculate h(b).
-1
Let f(o) = o - 1. Let u = 225 - -41. Let z = u - 254. Calculate f(z).
11
Let a(n) = -n**3 + 7*n**2 - 6*n + 7. Let y(t) = -4 - 73*t**2 + t + 75*t**2 - 1. Let j be y(2). Give a(j).
27
Let f(a) be the first derivative of a**4/4 + a**3 - 9*a**2/2 - 3*a + 1035. Calculate f(-4).
17
Let x(a) be the third derivative of 5*a**4/6 - 4*a**2 + a. Suppose -239*u + 250*u = -11. Give x(u).
-20
Suppose 3*s = -4*p - 63, -2*p - 152*s = -154*s + 14. Let l(v) = v**2 + 12*v - 30. Give l(p).
-30
Let m(b) = -6*b**2 + 80*b - 23. Let h(c) = -4*c**2 + 85*c - 276. Let x be h(17). Give m(x).
3
Suppose 0 = 2*j - 4. Suppose 0 = -7*y - 5 + 12. Let c(p) = -2 - p - j + 5 + y. What is c(-3)?
5
Let g be 8/3 - ((-56400)/90)/(-40). Let l(f) = -f**2 - 8*f + 36. Determine l(g).
-29
Let w = 56 - 57. Let c(x) = x**2 - x - 1. Let v(b) = -48*b**2 + 3*b + 4. Let j(l) = w*v(l) - 4*c(l). Determine j(-1).
43
Let a(h) = 2*h**3 + 6*h**2 - 84*h + 17. Let k be a(5). Let u(j) = 5*j + 5. Let i(x) = -14*x - 16. Let n(m) = 4*i(m) + 11*u(m). Give n(k).
-6
Let j(d) = 677*d - 663*d - 2*d**3 + 14*d**2 + 14 + d**3. Determine j(15).
-1
Suppose -12 = -18*x + 15*x. Let h(a) = x*a - 6*a + 9 - 7 + 13. What is h(5)?
5
Let a(r) = -8*r - 9. Let z(u) = -10*u - 11. Let g(o) = -o**2 - 3*o + 15. Let s be g(-5). Let j(h) = s*z(h) - 6*a(h). Determine j(-3).
5
Let l(m) be the first derivative of 2*m**2 + 71*m - 2944. Give l(-20).
-9
Let n(j) = 2*j**3 + 203*j**2 - 105*j - 299. Let k be n(-102). Let l(x) = x**3 - 6*x**2 - 5*x - 11. Determine l(k).
3
Suppose -6 = 14*c - 20. Let u(v) be the third derivative of 0 + 0*v + 7*v**2 + 0*v**3 - 5/8*v**4. Give u(c).
-15
Let m(i) be the second derivative of i**5/20 + i**4/8 - i**3/2 + 135*i**2/2 - 3*i + 1. Let l(o) be the first derivative of m(o). Give l(2).
15
Let s(w) = -6*w + 102. Let h(z) = -52*z**2 - 316*z - 7. Let f be h(-6). Calculate s(f).
0
Let w(v) = -7 + 30 + 7 - 3*v. Let n(x) = -979*x - 104741. Let s be n(-107). What is w(s)?
-6
Let b(z) = -z**3 + z**2 + z + 1. Suppose 0 = 24*a - 30*a - 36. Let s(j) = 5*j**3 - 10*j**2 - 4*j - 11. Let x(q) = a*b(q) - s(q). Determine x(-4).
13
Let x be (6/(-4))/((-6)/128). Suppose 6*b - x = -80. Let i(t) = -2*t + 3. Give i(b).
19
Suppose 416*h - 880 = 196*h. Let t(m) = 11*m**2 - 43*m - 9. Determine t(h).
-5
Suppose 0*k + 6 = 2*k. Let n(m) be the third derivative of 0*m - 83*m**2 + 0*m**3 + 0 + 1/12*m**4. Give n(k).
6
Let d = -1261 + 1258. Let w(c) = -18*c - 59. Give w(d).
-5
Let q(w) be the first derivative of 1/2*w**2 - w - 3/2*w**3 + 51. Let b(d) be the first derivative of q(d). Calculate b(-1).
10
Let f(o) = -19*o + 198. Let s(z) = 80*z - 803. Let d(k) = 25*f(k) + 6*s(k). What is d(-24)?
12
Let b(z) be the second derivative of 0 - 1/3*z**3 + 3/2*z**2 + 30*z. What is b(4)?
-5
Suppose -2*k +